is 20033002 + 1?
20033003
In base 9, what is 0 - 22561?
-22561
In base 2, what is -1000011101011110 + -10?
-1000011101100000
In base 5, what is 221303 - 32?
221221
In base 14, what is 37 + -60?
-27
In base 8, what is 203 - -1025?
1230
In base 16, what is 2 + b3cd?
b3cf
In base 6, what is 315314 + -2?
315312
In base 5, what is -4 - -404024?
404020
In base 5, what is -31103 + 10?
-31043
In base 3, what is -21020 - 111120?
-202210
In base 13, what is 3a119 - 3?
3a116
In base 9, what is 4241 + -42?
4188
In base 9, what is 153 + -137?
15
In base 5, what is -1 + 1044133?
1044132
In base 10, what is 36 - -53173?
53209
In base 7, what is -11 - 21511?
-21522
In base 6, what is -20503 + -11550?
-32453
In base 2, what is -100 + -1011000001101101001?
-1011000001101101101
In base 11, what is -36341 - 5?
-36346
In base 8, what is -233 - -260?
25
In base 8, what is -1251 + 20?
-1231
In base 8, what is 44 + 11354?
11420
In base 8, what is -66750 + 14?
-66734
In base 14, what is -1525ab + 4?
-1525a7
In base 11, what is 18030 - 2?
18029
In base 16, what is -5315 - 4?
-5319
In base 10, what is 423 - -5788?
6211
In base 16, what is -2 - -86ec?
86ea
In base 7, what is -1 - -1613624?
1613623
In base 8, what is -1154 - -1306?
132
In base 3, what is 112210 - 20102?
22101
In base 6, what is -55541 + -5?
-55550
In base 10, what is -75 + 2684?
2609
In base 16, what is 455ef - -2?
455f1
In base 14, what is -11c1 - -52?
-116d
In base 5, what is 24 + -3121320?
-3121241
In base 10, what is -5204 - -17?
-5187
In base 15, what is 3 - b344?
-b341
In base 7, what is -20 + 36340?
36320
In base 16, what is -fd + 2484?
2387
In base 15, what is -6113 - 1b?
-612e
In base 16, what is -151e - -1b1?
-136d
In base 7, what is -1150 - -140?
-1010
In base 15, what is -ded + c?
-de1
In base 12, what is 3 - 92831?
-9282a
In base 3, what is -21100100 - 11100?
-21111200
In base 7, what is -43545 + 12?
-43533
In base 4, what is 1023 + -11203?
-10120
In base 16, what is 372 - 2cd?
a5
In base 8, what is 32 - 104655?
-104623
In base 13, what is -cb2 + 90?
-c22
In base 2, what is -1 - -10111100010000101?
10111100010000100
In base 12, what is -36 - 956?
-990
In base 5, what is 23 + -144202?
-144124
In base 7, what is -1203 - 2203?
-3406
In base 5, what is -4 - 32133401?
-32133410
In base 2, what is 10010101101110000110 + -100?
10010101101110000010
In base 12, what is -8b40 + 2?
-8b3a
In base 4, what is -10 + 3112202213?
3112202203
In base 6, what is 14434151 + 0?
14434151
In base 7, what is -20653 - 164?
-21150
In base 11, what is -117001 + -4?
-117005
In base 10, what is -698058 + -2?
-698060
In base 15, what is 9 - 1510?
-1506
In base 10, what is -5 - 339276?
-339281
In base 11, what is -788 + -494?
-1171
In base 12, what is 3 - 4686?
-4683
In base 9, what is 33020 - 2?
33017
In base 10, what is 16154 + -3?
16151
In base 14, what is 417c71 - 5?
417c6a
In base 10, what is 6 + 5119?
5125
In base 3, what is -20212 + 10211001?
10120012
In base 7, what is 316 + 3146?
3465
In base 5, what is 13 + 1013?
1031
In base 14, what is 0 - 75b?
-75b
In base 9, what is 4 - 15503?
-15488
In base 2, what is -101101110110001 - 10?
-101101110110011
In base 7, what is 3064 - -11013?
14110
In base 10, what is 1440 + 290?
1730
In base 8, what is 657 - -1301?
2160
In base 8, what is 1103 - -45?
1150
In base 5, what is -34210444 - 4?
-34211003
In base 4, what is 2 - 1311203312?
-1311203310
In base 9, what is -2 + -1480573?
-1480575
In base 16, what is -5 - 3090?
-3095
In base 3, what is 20200 + -10221?
2202
In base 7, what is 14 + -3024?
-3010
In base 16, what is -34b - -c?
-33f
In base 13, what is 10c75 + -3?
10c72
In base 14, what is -180ad - 2?
-180b1
In base 7, what is 463 + -432?
31
In base 14, what is -1 + 127017?
127016
In base 9, what is 24 - 1381?
-1356
In base 4, what is -120110 + -1213?
-121323
In base 7, what is 53 - -131430?
131513
In base 2, what is 11000 - 1011010101?
-1010111101
In base 15, what is -124dba - 2?
-124dbc
In base 3, what is -1211121001110 - 12?
-1211121001122
In base 16, what is -2dcc - -23?
-2da9
In base 16, what is -16 + 10127?
10111
In base 9, what is 5607 + -15?
5582
In base 6, what is -50514443 - -1?
-50514442
In base 4, what is 10 + -2110032210?
-2110032200
In base 5, what is -2233430 + 3?
-2233422
In base 4, what is 2121200 - -122?
2121322
In base 4, what is 1013221120 + -10?
1013221110
In base 16, what is 0 + bcef?
bcef
In base 7, what is -3213 + 265?
-2615
In base 5, what is 44 + 4141?
4240
In base 3, what is 11020010 - -22021?
11112101
In base 16, what is -5 - -2a41?
2a3c
In base 12, what is -b630 - 4?
-b634
In base 8, what is 201725 + 0?
201725
In base 6, what is -14 - -33115?
33101
In base 9, what is 14 - 52115?
-52101
In base 11, what is -16a8729 - -1?
-16a8728
In base 4, what is -30 + 21023112?
21023022
In base 15, what is -1 - -1041?
1040
In base 16, what is -6a6d + 3?
-6a6a
In base 11, what is 1 + 15514a?
155150
In base 7, what is -10 + -4643?
-4653
In base 14, what is 217b3 - -21?
217d4
In base 9, what is -5 + -542431?
-542436
In base 14, what is 276 + -c6?
190
In base 2, what is 1101011111101 + 100111?
1101100100100
In base 3, what is 2001211112 + -1222?
2001202120
In base 11, what is 13a69a + 0?
13a69a
In base 3, what is -11 - 1011000001020?
-1011000001101
In base 8, what is 125 + -151?
-24
In base 7, what is -41 - 423346?
-423420
In base 10, what is -51325 - -2?
-51323
In base 10, what is -79 - 2263?
-2342
In base 13, what is 14 - -16?
2a
In base 2, what is -100 + -10011001?
-10011101
In base 3, what is -121002100200 + 20?
-121002100110
In base 8, what is -2 - -23122?
23120
In base 5, what is -10320330 + 44?
-10320231
In base 6, what is 12 + -110355?
-110343
In base 7, what is -265443 - -1?
-265442
In base 2, what is 110000110010110 + 101?
110000110011011
In base 13, what is 260 + 37?
297
In base 5, what is 11342133 - 2?
11342131
In base 4, what is -33333 - 11?
-100010
In base 10, what is 10873 + -610?
10263
In base 11, what is -3 + -23589?
-23591
In base 6, what is 1000020 - -3?
1000023
In base 14, what is 65 + -1d59?
-1cd4
In base 16, what is -31749 - -3?
-31746
In base 10, what is 284 - -658?
942
In base 10, what is 40897 - -22?
40919
In base 8, what is -2046 + -30?
-2076
In base 15, what is 6 - -27e1?
27e7
In base 7, what is -22444 + 10?
-22434
In base 5, what is 3214 - -3330?
12044
In base 15, what is -33c300 - -1?
-33c2ee
In base 15, what is 208 + 13b?
344
In base 8, what is -124406 - 22?
-124430
In base 11, what is 2 - 657903?
-657901
In base 2, what is 100 + 100101001?
100101101
In base 16, what is 3 + -87c58?
-87c55
In base 5, what is 112132030 - 10?
112132020
In base 13, what is -5b - -3a2b?
39a0
In base 6, what is -42001 + -15?
-42020
In base 2, what is 11011101001011001 + -1?
11011101001011000
In base 8, what is 4255 - -2?
4257
In base 16, what is 5b8 - -2da?
892
In base 5, what is 3042444 + -11?
3042433
In base 11, what is -582 - -19a4?
1422
In base 3, what is 120 + 120112110?
120120000
In base 5, what is 11 - -4044002?
4044013
In base 7, what is -14601 - -51?
-14520
In base 12, what is 0 + -35a0b3?
-35a0b3
In base 11, what is 24a55 - -44?
24a99
In base 7, what is -1 - -336101?
336100
In base 5, what is -2 + -3112140?
-3112142
In base 14, what is 1 + -32b0?
-32ad
In base 3, what is 1100 - -11002122?
11010222
In base 9, what is -51154 + -3?
-51157
In base 4, what is -30100 - -331?
-23103
In base 12, what is -16372 + -1?
-16373
In base 9, what is 4 - -42186?
42201
In base 11, what is -1286423 - 4?
-1286427
In base 3, what is -12201101 - 11?
-12201112
In base 6, what is 3 + -4224?
-4221
In base 2, what is -110 - 1000010010011?
-1000010011001
In base 3, what is 10 + -120001020?
-120001010
In base 6, what is -5130442 + 13?
-5130425
In base 4, what is 1 - -1121111?
1121112
In base 16, what is 452fd + 6?
45303
In base 8, what is -4510 - 20?
-4530
In base 4, what is 113310222130 - 11?
113310222113
In base 13, what is 28 + -a0a?
-9b2
In base 16, what is 5401 - 25?
53dc
In base 2, what is 1100101011011101000011 - 100?
1100101011011100111111
In base 11, what is 620956a - -1?
6209570
In base 11, what is 4 + -56310?
-56307
In base 3, what is -202101 + 100110011?
22200210
In base 3, what is -1020120100 + 111?
-1020112212
In base 7, what is 206 + -2330?
-2121
In base 4,